 351?
39
Calculate the highest common divisor of 280 and 80.
40
Calculate the highest common factor of 496 and 62.
62
Calculate the highest common divisor of 5 and 2395.
5
What is the highest common factor of 969 and 1539?
57
What is the greatest common factor of 1773 and 3152?
197
What is the highest common factor of 33 and 88?
11
Calculate the highest common divisor of 140 and 100.
20
What is the highest common factor of 60 and 14540?
20
What is the highest common divisor of 51 and 782?
17
Calculate the greatest common divisor of 381 and 3.
3
Calculate the greatest common factor of 436 and 16.
4
What is the highest common divisor of 18048 and 4?
4
What is the greatest common divisor of 62 and 2418?
62
What is the greatest common factor of 210 and 3486?
42
Calculate the highest common factor of 154 and 693.
77
What is the greatest common divisor of 85 and 13685?
85
Calculate the highest common factor of 58 and 4.
2
Calculate the greatest common factor of 1116 and 27.
9
What is the highest common factor of 106 and 4?
2
What is the greatest common factor of 671 and 11?
11
Calculate the highest common divisor of 893 and 19.
19
What is the greatest common factor of 632 and 168?
8
What is the highest common divisor of 2601 and 9?
9
What is the greatest common factor of 54 and 6?
6
Calculate the greatest common factor of 651 and 189.
21
Calculate the highest common factor of 77 and 55.
11
Calculate the highest common divisor of 24 and 96.
24
What is the highest common factor of 24293 and 17?
17
Calculate the highest common factor of 126 and 9.
9
What is the highest common factor of 56 and 70?
14
What is the highest common factor of 483 and 21?
21
Calculate the highest common factor of 57 and 247.
19
What is the highest common divisor of 812 and 609?
203
What is the highest common divisor of 3008 and 94?
94
What is the greatest common factor of 3724 and 76?
76
Calculate the greatest common factor of 60 and 228.
12
Calculate the highest common factor of 1 and 43.
1
What is the greatest common divisor of 237 and 79?
79
Calculate the highest common divisor of 4 and 162.
2
Calculate the greatest common factor of 5556 and 12.
12
Calculate the greatest common divisor of 450 and 9.
9
What is the highest common factor of 138 and 3?
3
What is the greatest common factor of 133 and 9?
1
What is the greatest common factor of 7 and 532?
7
Calculate the greatest common divisor of 74 and 274.
2
What is the highest common factor of 3320 and 20?
20
What is the highest common divisor of 348 and 261?
87
Calculate the greatest common factor of 38 and 1786.
38
What is the greatest common factor of 20 and 130?
10
Calculate the greatest common divisor of 226 and 5763.
113
Calculate the highest common divisor of 100 and 80.
20
What is the highest common divisor of 80 and 16?
16
Calculate the highest common factor of 42 and 36.
6
What is the highest common factor of 174 and 290?
58
Calculate the greatest common divisor of 180 and 225.
45
Calculate the greatest common factor of 1656 and 48.
24
What is the highest common factor of 1159 and 61?
61
Calculate the highest common divisor of 4781 and 14.
7
Calculate the greatest common divisor of 10263 and 33.
33
Calculate the highest common divisor of 3708 and 36.
36
What is the greatest common divisor of 2 and 922?
2
Calculate the highest common divisor of 124 and 6076.
124
What is the highest common divisor of 114 and 1938?
114
What is the greatest common factor of 38 and 19?
19
Calculate the highest common factor of 9 and 387.
9
What is the greatest common divisor of 325 and 117?
13
Calculate the highest common factor of 56 and 14.
14
What is the greatest common factor of 795 and 30?
15
What is the highest common factor of 110 and 374?
22
What is the highest common divisor of 583 and 1007?
53
Calculate the greatest common factor of 103 and 42127.
103
What is the greatest common factor of 110883 and 23?
23
Calculate the highest common factor of 66 and 2068.
22
What is the highest common divisor of 10 and 470?
10
What is the highest common divisor of 36 and 5652?
36
What is the greatest common divisor of 1596 and 12?
12
What is the highest common divisor of 9 and 60309?
9
What is the greatest common factor of 14 and 224?
14
What is the highest common factor of 26 and 3328?
26
Calculate the highest common divisor of 270 and 2250.
90
What is the greatest common factor of 573 and 12?
3
Calculate the greatest common divisor of 1816 and 4313.
227
Calculate the greatest common divisor of 72 and 648.
72
What is the highest common factor of 3443 and 11?
11
Calculate the greatest common divisor of 45 and 105.
15
Calculate the greatest common factor of 5760 and 270.
90
Calculate the highest common factor of 4 and 218.
2
Calculate the greatest common divisor of 504 and 168.
168
What is the highest common factor of 52 and 2249?
13
What is the highest common factor of 80 and 320?
80
What is the greatest common divisor of 11 and 134?
1
What is the greatest common divisor of 186 and 15872?
62
Calculate the greatest common factor of 11581 and 185.
37
What is the greatest common factor of 255 and 75?
15
What is the highest common divisor of 460 and 368?
92
Calculate the highest common divisor of 1950 and 286.
26
Calculate the highest common divisor of 34 and 136.
34
Calculate the greatest common divisor of 24 and 5466.
6
What is the highest common divisor of 34 and 306?
34
What is the greatest common factor of 20 and 5620?
20
Calculate the highest common factor of 14 and 259.
7
Calculate the highest common factor of 121 and 55.
11
What is the greatest common divisor of 5 and 49145?
5
Calculate the greatest common factor of 3591 and 63.
63
Calculate the highest common divisor of 416 and 1056.
32
Calculate the highest common divisor of 12 and 104.
4
Calculate the greatest common factor of 3822 and 364.
182
What is the greatest common factor of 33582 and 348?
174
Calculate the highest common factor of 10 and 55.
5
Calculate the highest common factor of 3425 and 175.
25
Calculate the highest common divisor of 546 and 54.
6
What is the greatest common factor of 799 and 17?
17
Calculate the highest common divisor of 36 and 972.
36
What is the highest common divisor of 369 and 18?
9
What is the highest common divisor of 288 and 224?
32
What is the highest common divisor of 7 and 3878?
7
Calculate the highest common divisor of 584 and 32.
8
Calculate the highest common factor of 312 and 3.
3
Calculate the highest common divisor of 856 and 107.
107
Calculate the highest common divisor of 4158 and 18.
18
Calculate the greatest common divisor of 40 and 352.
8
Calculate the highest common factor of 1395 and 93.
93
Calculate the greatest common divisor of 13 and 1.
1
Calculate the greatest common factor of 340 and 51.
17
What is the highest common factor of 225 and 72?
9
Calculate the highest common factor of 896 and 14.
14
Calculate the highest common divisor of 624 and 78.
78
Calculate the highest common factor of 108 and 384.
12
Calculate the highest common divisor of 18 and 3.
3
What is the highest common divisor of 94 and 846?
94
Calculate the greatest common factor of 1264 and 79.
79
What is the highest common factor of 380 and 20?
20
Calculate the greatest common divisor of 165 and 15.
15
What is the highest common divisor of 584 and 8?
8
What is the greatest common factor of 30 and 5595?
15
Calculate the highest common factor of 84 and 22764.
84
Calculate the greatest common factor of 13 and 793.
13
What is the greatest common factor of 99 and 207?
9
What is the greatest common divisor of 159 and 53?
53
Calculate the greatest common divisor of 9061 and 41.
41
Calculate the greatest common divisor of 70 and 230.
10
What is the highest common factor of 28 and 12?
4
Calculate the greatest common factor of 192 and 72.
24
What is the greatest common divisor of 288 and 12?
12
Calculate the highest common divisor of 11 and 7051.
11
What is the greatest common factor of 29238 and 66?
66
What is the highest common factor of 228 and 12?
12
What is the greatest common divisor of 12 and 234?
6
What is the greatest common divisor of 33 and 33?
33
Calculate the greatest common divisor of 10 and 4.
2
Calculate the greatest common factor of 1397 and 77.
11
What 